{"id":217,"date":"2018-10-29T17:58:15","date_gmt":"2018-10-29T17:58:15","guid":{"rendered":"http:\/\/test.fkk-finsterbergen.de\/?page_id=217"},"modified":"2019-10-22T20:38:53","modified_gmt":"2019-10-22T20:38:53","slug":"ueber-uns","status":"publish","type":"page","link":"http:\/\/fkk-finsterbergen.de\/?page_id=217","title":{"rendered":"\u00dcber uns"},"content":{"rendered":"<h3>Karneval in Finsterbergen \u2013 wie alles begann&#8230;<\/h3>\n<p>Schon seit Menschengedenken wurde Fastnacht auch in Finsterbergen gefeiert. Es begann mit fr\u00f6hlichem Beisammensein bei heimischen Br\u00e4uchen und dem Genuss \u201ehohler Kr\u00e4pfel\u201c. Bereits 1949 versuchte man sich dann schon mit Elferrat, Sitzungskarneval und dem bekannten Drumherum an den \u201eTollen Tagen\u201c. Erste Bl\u00fcte erreichten die Sitzungen 1956, als unter dem Motto \u201eEs muss ja nicht Italien sein\u201c mit politischen Seitenhieben auf das doch recht triste DDR-Leben angespielt wurde. In den 60er Jahren versuchte sich die heimische FDJ-Gruppe an der Gestaltung von 1-2 B\u00fcttenabenden, Masken- und Rosenmontagsball. Anfang der 70er Jahre, nach Ende der Ulbricht-\u00c4ra, fand die Hoffnung auf Ver\u00e4nderungen ihren Ausdruck auch im Aufbl\u00fchen neuer Karnevalsvereine, z.B. in Tambach-Dietharz.<\/p>\n<p>So kam es auch zur Geburtsstunde des Finsterberger Karnevals. Hans-Hermann Katzung, Norbert Pauer und Lutz Bischof machten sich auf, Leute f\u00fcr dieses Vorhaben zu gewinnen und wurden bei Dieter Beyer, Norbert K\u00fcrzel, Roland Oschmann, Wolfgang R\u00fcger, Hans-G\u00fcnther K\u00fchmel, Rolf Bischof, Klaus G\u00e4rtner, Wolfgang Rausch, Volkmar Weingart, Reinhard Lehnert, Horst Pfauch und Dieter Kyna\u00df f\u00fcndig.<\/p>\n<p>Erster Pr\u00e4sident war Hans-Hermann Katzung, der jedoch nach der Auftaktveranstaltung am 11.11.1974 gern das Zepter an den in Redebrillanz kaum zu \u00fcbertreffenden Dieter Kyna\u00df abgab. Mit dem Namen \u201eFKK\u201c und dem FKK-M\u00e4nnchen als Maskottchen erreichte der Verein, nicht zuletzt durch seine feine politische Klinge im B\u00fcttenprogramm und das Ringen um immer h\u00f6here Qualit\u00e4t, in den folgenden Jahren seine Bl\u00fcte.<\/p>\n<p>Heute werden die bis zu 100 Mitwirkenden, darunter viele Kinder, Jugendliche und freiwillige Helfer, von einer Frau durch die n\u00e4rrische Zeit gef\u00fchrt: Liane Heft, selbst langj\u00e4hriges Mitglied, ist die derzeitige Pr\u00e4sidentin des FKK e.V.<\/p>\n<p>Anf\u00e4nglich jedes Jahr, nach der Wende alle 5 Jahre zu \u201ehalbrunden\u201c und \u201erunden\u201c Jubil\u00e4en, gestaltet der FKK ein Faschingsumzug unter Beteiligung der Finsterberger Narrenschar sowie vieler benachbarter Freunde und Vereine!<\/p>\n","protected":false},"excerpt":{"rendered":"<div class=\"slide-text-bg2\"><span>Karneval in Finsterbergen \u2013 wie alles begann&#8230; Schon seit Menschengedenken wurde Fastnacht auch in Finsterbergen gefeiert. Es begann mit fr\u00f6hlichem<\/span><\/div>\n<div class=\"slide-btn-area-sm\"><a href=\"http:\/\/fkk-finsterbergen.de\/?page_id=217\" class=\"slide-btn-sm\">weiterlesen<\/a><\/div>\n","protected":false},"author":1,"featured_media":0,"parent":0,"menu_order":0,"comment_status":"closed","ping_status":"closed","template":"fullwidth.php","meta":{"footnotes":""},"class_list":["post-217","page","type-page","status-publish","hentry"],"_links":{"self":[{"href":"http:\/\/fkk-finsterbergen.de\/index.php?rest_route=\/wp\/v2\/pages\/217","targetHints":{"allow":["GET"]}}],"collection":[{"href":"http:\/\/fkk-finsterbergen.de\/index.php?rest_route=\/wp\/v2\/pages"}],"about":[{"href":"http:\/\/fkk-finsterbergen.de\/index.php?rest_route=\/wp\/v2\/types\/page"}],"author":[{"embeddable":true,"href":"http:\/\/fkk-finsterbergen.de\/index.php?rest_route=\/wp\/v2\/users\/1"}],"replies":[{"embeddable":true,"href":"http:\/\/fkk-finsterbergen.de\/index.php?rest_route=%2Fwp%2Fv2%2Fcomments&post=217"}],"version-history":[{"count":4,"href":"http:\/\/fkk-finsterbergen.de\/index.php?rest_route=\/wp\/v2\/pages\/217\/revisions"}],"predecessor-version":[{"id":422,"href":"http:\/\/fkk-finsterbergen.de\/index.php?rest_route=\/wp\/v2\/pages\/217\/revisions\/422"}],"wp:attachment":[{"href":"http:\/\/fkk-finsterbergen.de\/index.php?rest_route=%2Fwp%2Fv2%2Fmedia&parent=217"}],"curies":[{"name":"wp","href":"https:\/\/api.w.org\/{rel}","templated":true}]}}